{"id":3,"date":"2025-04-16T09:25:52","date_gmt":"2025-04-16T06:25:52","guid":{"rendered":"https:\/\/sahkolla.net\/?page_id=3"},"modified":"2025-04-30T11:34:09","modified_gmt":"2025-04-30T08:34:09","slug":"tietosuojaseloste","status":"publish","type":"page","link":"https:\/\/sahkolla.net\/index.php\/tietosuojaseloste\/","title":{"rendered":"Tietosuoja- ja rekisteriseloste"},"content":{"rendered":"\n<p>Henkil\u00f6tietolain (523\/1999) 10\u00a7:n ja 24\u00a7:n mukainen rekisteriseloste.<\/p>\n\n\n\n<p><strong>Rekisterinpit\u00e4j\u00e4<\/strong><br>S\u00e4hk\u00f6ll\u00e4 Oy<br>Y-tunnus: 3499410-3<\/p>\n\n\n\n<p><strong>Rekisteriasioista vastaavan yhteystiedot<\/strong><br>Janne Ketola<br>p. 044 9015368<br>janne.ketola@sahkolla.net<\/p>\n\n\n\n<p><strong>Rekisterin nimi<\/strong><br>Asiakkaat ja yhteydenottolomakkeen l\u00e4hett\u00e4j\u00e4t<\/p>\n\n\n\n<p><strong>Rekisterin k\u00e4ytt\u00f6tarkoitus<\/strong><br>Henkil\u00f6tietoja k\u00e4ytet\u00e4\u00e4n yhteydenottojen vastaanottamiseen ja tiedottamiseen.<\/p>\n\n\n\n<p><strong>Rekisterin sis\u00e4lt\u00e4m\u00e4t tiedot<\/strong><br>S\u00e4hk\u00f6postiosoite<br>Etu- ja sukunimi<br>Puhelinnumero<br>Viesti<\/p>\n\n\n\n<p><strong>Tietojen luovutus<\/strong><br>Tietoja ei luovuteta muuhun k\u00e4ytt\u00f6\u00f6n.<\/p>\n\n\n\n<p><strong>Rekisterin suojaus<\/strong><br>Rekisteri on suojattu ulkopuolisten k\u00e4yt\u00f6lt\u00e4. Rekisteriin p\u00e4\u00e4sy on ainoastaan henkil\u00f6ill\u00e4, joiden ty\u00f6teht\u00e4v\u00e4t edellytt\u00e4v\u00e4t rekisteriss\u00e4 olevien tietojen k\u00e4sittely\u00e4. Rekisterin k\u00e4ytt\u00f6 on suojattu henkil\u00f6kohtaisin k\u00e4ytt\u00e4j\u00e4tunnuksin ja salasanoin.<\/p>\n\n\n\n<p><strong>Tietojen oikaisu<\/strong><br>Asiakasrekisterin sis\u00e4lt\u00e4mi\u00e4 tietoja p\u00e4ivitet\u00e4\u00e4n asiakkaan pyynn\u00f6st\u00e4 aina viipym\u00e4tt\u00e4 tai kun tiedoissa muuten havaitaan virheit\u00e4.<\/p>\n\n\n\n<p><strong>Ev\u00e4steet<\/strong><br>T\u00e4ss\u00e4 k\u00e4yt\u00e4nn\u00f6ss\u00e4 \u201cev\u00e4steet\u201d viittaavat ev\u00e4steisiin tai vastaaviin tekniikoihin, jotka sis\u00e4ltyv\u00e4t s\u00e4hk\u00f6isen viestinn\u00e4n yksityisyytt\u00e4 k\u00e4sittelev\u00e4\u00e4n EU-direktiivin.<\/p>\n\n\n\n<p><strong>Mik\u00e4 ev\u00e4ste on?<\/strong><br>Ev\u00e4ste on dataa, jonka web-palvelin tallentaa k\u00e4ytt\u00e4j\u00e4n laitteelle. Selain l\u00e4hett\u00e4\u00e4 tiedon takaisin kyseiselle palvelimelle joka pyynn\u00f6n yhteydess\u00e4.<\/p>\n\n\n\n<p>Ev\u00e4steell\u00e4 tarkoitetaan sellaista tietoa, jonka palvelun tarjoajan palvelin l\u00e4hett\u00e4\u00e4 k\u00e4ytt\u00e4j\u00e4n selainohjelmalle pyyt\u00e4en selainta tallentamaan tiedon k\u00e4ytt\u00e4j\u00e4n p\u00e4\u00e4telaitteelle ja jota kyseinen palvelun tarjoajan palvelin voi my\u00f6hemmin pyyt\u00e4\u00e4 takaisin. Kyse on k\u00e4yt\u00e4nn\u00f6ss\u00e4 pienest\u00e4 tietom\u00e4\u00e4r\u00e4st\u00e4, tyypillisesti lyhyest\u00e4 tekstist\u00e4.<\/p>\n\n\n\n<p>Istuntokohtaiset ev\u00e4steet vanhenevat, kun k\u00e4ytt\u00e4j\u00e4 lopettaa istunnon web-palvelussa, ja pysyv\u00e4t ev\u00e4steet s\u00e4ilytet\u00e4\u00e4n m\u00e4\u00e4r\u00e4ttyyn aikarajaan asti tai kunnes k\u00e4ytt\u00e4j\u00e4 ne tuhoaa. Selaimet l\u00e4hett\u00e4v\u00e4t ev\u00e4steen vain sille palvelimelle, joka on sen alun perin k\u00e4ytt\u00e4j\u00e4lle l\u00e4hett\u00e4nyt.<\/p>\n\n\n\n<p>Ev\u00e4steiden k\u00e4ytt\u00e4minen parantaa sivuston k\u00e4ytt\u00f6kokemusta.<\/p>\n\n\n\n<p><strong>Miten ev\u00e4steet poistetaan k\u00e4yt\u00f6st\u00e4?<\/strong><br>Ev\u00e4steet voi poistaa k\u00e4yt\u00f6st\u00e4 selaimen omista asetuksista. Jos et salli ev\u00e4steiden k\u00e4ytt\u00f6\u00e4, voit edelleen k\u00e4ytt\u00e4\u00e4 verkkosivustoamme, mutta kaikki toiminnot eiv\u00e4t v\u00e4ltt\u00e4m\u00e4tt\u00e4 toimi oikein.<\/p>\n","protected":false},"excerpt":{"rendered":"<p>Henkil\u00f6tietolain (523\/1999) 10\u00a7:n ja 24\u00a7:n mukainen rekisteriseloste. Rekisterinpit\u00e4j\u00e4S\u00e4hk\u00f6ll\u00e4 OyY-tunnus: 3499410-3 Rekisteriasioista vastaavan yhteystiedotJanne Ketolap. 044 9015368janne.ketola@sahkolla.net Rekisterin nimiAsiakkaat ja yhteydenottolomakkeen l\u00e4hett\u00e4j\u00e4t Rekisterin k\u00e4ytt\u00f6tarkoitusHenkil\u00f6tietoja k\u00e4ytet\u00e4\u00e4n yhteydenottojen vastaanottamiseen ja tiedottamiseen. Rekisterin sis\u00e4lt\u00e4m\u00e4t &#8230;<\/p>\n","protected":false},"author":1,"featured_media":1469,"parent":0,"menu_order":0,"comment_status":"closed","ping_status":"open","template":"template-fullwidth.php","meta":{"footnotes":""},"class_list":["post-3","page","type-page","status-publish","has-post-thumbnail","hentry"],"yoast_head":"<!-- This site is optimized with the Yoast SEO plugin v25.0 - https:\/\/yoast.com\/wordpress\/plugins\/seo\/ -->\n<title>Tietosuoja- ja rekisteriseloste - S\u00e4hk\u00f6ll\u00e4 Oy<\/title>\n<meta name=\"robots\" content=\"index, follow, max-snippet:-1, max-image-preview:large, max-video-preview:-1\" \/>\n<link rel=\"canonical\" href=\"https:\/\/sahkolla.net\/index.php\/tietosuojaseloste\/\" \/>\n<meta property=\"og:locale\" content=\"fi_FI\" \/>\n<meta property=\"og:type\" content=\"article\" \/>\n<meta property=\"og:title\" content=\"Tietosuoja- ja rekisteriseloste - S\u00e4hk\u00f6ll\u00e4 Oy\" \/>\n<meta property=\"og:description\" content=\"Henkil\u00f6tietolain (523\/1999) 10\u00a7:n ja 24\u00a7:n mukainen rekisteriseloste. Rekisterinpit\u00e4j\u00e4S\u00e4hk\u00f6ll\u00e4 OyY-tunnus: 3499410-3 Rekisteriasioista vastaavan yhteystiedotJanne Ketolap. 044 9015368janne.ketola@sahkolla.net Rekisterin nimiAsiakkaat ja yhteydenottolomakkeen l\u00e4hett\u00e4j\u00e4t Rekisterin k\u00e4ytt\u00f6tarkoitusHenkil\u00f6tietoja k\u00e4ytet\u00e4\u00e4n yhteydenottojen vastaanottamiseen ja tiedottamiseen. Rekisterin sis\u00e4lt\u00e4m\u00e4t ...\" \/>\n<meta property=\"og:url\" content=\"https:\/\/sahkolla.net\/index.php\/tietosuojaseloste\/\" \/>\n<meta property=\"og:site_name\" content=\"S\u00e4hk\u00f6ll\u00e4 Oy\" \/>\n<meta property=\"article:publisher\" content=\"https:\/\/www.facebook.com\/profile.php?id=61573038363472\" \/>\n<meta property=\"article:modified_time\" content=\"2025-04-30T08:34:09+00:00\" \/>\n<meta property=\"og:image\" content=\"https:\/\/sahkolla.net\/wp-content\/uploads\/2025\/04\/favicon.png\" \/>\n\t<meta property=\"og:image:width\" content=\"512\" \/>\n\t<meta property=\"og:image:height\" content=\"512\" \/>\n\t<meta property=\"og:image:type\" content=\"image\/png\" \/>\n<meta name=\"twitter:card\" content=\"summary_large_image\" \/>\n<meta name=\"twitter:label1\" content=\"Arvioitu lukuaika\" \/>\n\t<meta name=\"twitter:data1\" content=\"2 minuuttia\" \/>\n<script type=\"application\/ld+json\" class=\"yoast-schema-graph\">{\"@context\":\"https:\/\/schema.org\",\"@graph\":[{\"@type\":\"WebPage\",\"@id\":\"https:\/\/sahkolla.net\/index.php\/tietosuojaseloste\/\",\"url\":\"https:\/\/sahkolla.net\/index.php\/tietosuojaseloste\/\",\"name\":\"Tietosuoja- ja rekisteriseloste - S\u00e4hk\u00f6ll\u00e4 Oy\",\"isPartOf\":{\"@id\":\"https:\/\/sahkolla.net\/#website\"},\"primaryImageOfPage\":{\"@id\":\"https:\/\/sahkolla.net\/index.php\/tietosuojaseloste\/#primaryimage\"},\"image\":{\"@id\":\"https:\/\/sahkolla.net\/index.php\/tietosuojaseloste\/#primaryimage\"},\"thumbnailUrl\":\"https:\/\/sahkolla.net\/wp-content\/uploads\/2025\/04\/favicon.png\",\"datePublished\":\"2025-04-16T06:25:52+00:00\",\"dateModified\":\"2025-04-30T08:34:09+00:00\",\"breadcrumb\":{\"@id\":\"https:\/\/sahkolla.net\/index.php\/tietosuojaseloste\/#breadcrumb\"},\"inLanguage\":\"fi\",\"potentialAction\":[{\"@type\":\"ReadAction\",\"target\":[\"https:\/\/sahkolla.net\/index.php\/tietosuojaseloste\/\"]}]},{\"@type\":\"ImageObject\",\"inLanguage\":\"fi\",\"@id\":\"https:\/\/sahkolla.net\/index.php\/tietosuojaseloste\/#primaryimage\",\"url\":\"https:\/\/sahkolla.net\/wp-content\/uploads\/2025\/04\/favicon.png\",\"contentUrl\":\"https:\/\/sahkolla.net\/wp-content\/uploads\/2025\/04\/favicon.png\",\"width\":512,\"height\":512},{\"@type\":\"BreadcrumbList\",\"@id\":\"https:\/\/sahkolla.net\/index.php\/tietosuojaseloste\/#breadcrumb\",\"itemListElement\":[{\"@type\":\"ListItem\",\"position\":1,\"name\":\"Etusivu\",\"item\":\"https:\/\/sahkolla.net\/\"},{\"@type\":\"ListItem\",\"position\":2,\"name\":\"Tietosuoja- ja rekisteriseloste\"}]},{\"@type\":\"WebSite\",\"@id\":\"https:\/\/sahkolla.net\/#website\",\"url\":\"https:\/\/sahkolla.net\/\",\"name\":\"S\u00e4hk\u00f6ll\u00e4 Oy\",\"description\":\"S\u00e4hk\u00f6asennuspalvelut P\u00e4ij\u00e4t-H\u00e4meen alueella\",\"publisher\":{\"@id\":\"https:\/\/sahkolla.net\/#organization\"},\"potentialAction\":[{\"@type\":\"SearchAction\",\"target\":{\"@type\":\"EntryPoint\",\"urlTemplate\":\"https:\/\/sahkolla.net\/?s={search_term_string}\"},\"query-input\":{\"@type\":\"PropertyValueSpecification\",\"valueRequired\":true,\"valueName\":\"search_term_string\"}}],\"inLanguage\":\"fi\"},{\"@type\":\"Organization\",\"@id\":\"https:\/\/sahkolla.net\/#organization\",\"name\":\"S\u00e4hk\u00f6ll\u00e4 Oy\",\"url\":\"https:\/\/sahkolla.net\/\",\"logo\":{\"@type\":\"ImageObject\",\"inLanguage\":\"fi\",\"@id\":\"https:\/\/sahkolla.net\/#\/schema\/logo\/image\/\",\"url\":\"https:\/\/sahkolla.net\/wp-content\/uploads\/2025\/04\/logo-1.png\",\"contentUrl\":\"https:\/\/sahkolla.net\/wp-content\/uploads\/2025\/04\/logo-1.png\",\"width\":200,\"height\":45,\"caption\":\"S\u00e4hk\u00f6ll\u00e4 Oy\"},\"image\":{\"@id\":\"https:\/\/sahkolla.net\/#\/schema\/logo\/image\/\"},\"sameAs\":[\"https:\/\/www.facebook.com\/profile.php?id=61573038363472\"]}]}<\/script>\n<!-- \/ Yoast SEO plugin. -->","yoast_head_json":{"title":"Tietosuoja- ja rekisteriseloste - S\u00e4hk\u00f6ll\u00e4 Oy","robots":{"index":"index","follow":"follow","max-snippet":"max-snippet:-1","max-image-preview":"max-image-preview:large","max-video-preview":"max-video-preview:-1"},"canonical":"https:\/\/sahkolla.net\/index.php\/tietosuojaseloste\/","og_locale":"fi_FI","og_type":"article","og_title":"Tietosuoja- ja rekisteriseloste - S\u00e4hk\u00f6ll\u00e4 Oy","og_description":"Henkil\u00f6tietolain (523\/1999) 10\u00a7:n ja 24\u00a7:n mukainen rekisteriseloste. Rekisterinpit\u00e4j\u00e4S\u00e4hk\u00f6ll\u00e4 OyY-tunnus: 3499410-3 Rekisteriasioista vastaavan yhteystiedotJanne Ketolap. 044 9015368janne.ketola@sahkolla.net Rekisterin nimiAsiakkaat ja yhteydenottolomakkeen l\u00e4hett\u00e4j\u00e4t Rekisterin k\u00e4ytt\u00f6tarkoitusHenkil\u00f6tietoja k\u00e4ytet\u00e4\u00e4n yhteydenottojen vastaanottamiseen ja tiedottamiseen. Rekisterin sis\u00e4lt\u00e4m\u00e4t ...","og_url":"https:\/\/sahkolla.net\/index.php\/tietosuojaseloste\/","og_site_name":"S\u00e4hk\u00f6ll\u00e4 Oy","article_publisher":"https:\/\/www.facebook.com\/profile.php?id=61573038363472","article_modified_time":"2025-04-30T08:34:09+00:00","og_image":[{"width":512,"height":512,"url":"https:\/\/sahkolla.net\/wp-content\/uploads\/2025\/04\/favicon.png","type":"image\/png"}],"twitter_card":"summary_large_image","twitter_misc":{"Arvioitu lukuaika":"2 minuuttia"},"schema":{"@context":"https:\/\/schema.org","@graph":[{"@type":"WebPage","@id":"https:\/\/sahkolla.net\/index.php\/tietosuojaseloste\/","url":"https:\/\/sahkolla.net\/index.php\/tietosuojaseloste\/","name":"Tietosuoja- ja rekisteriseloste - S\u00e4hk\u00f6ll\u00e4 Oy","isPartOf":{"@id":"https:\/\/sahkolla.net\/#website"},"primaryImageOfPage":{"@id":"https:\/\/sahkolla.net\/index.php\/tietosuojaseloste\/#primaryimage"},"image":{"@id":"https:\/\/sahkolla.net\/index.php\/tietosuojaseloste\/#primaryimage"},"thumbnailUrl":"https:\/\/sahkolla.net\/wp-content\/uploads\/2025\/04\/favicon.png","datePublished":"2025-04-16T06:25:52+00:00","dateModified":"2025-04-30T08:34:09+00:00","breadcrumb":{"@id":"https:\/\/sahkolla.net\/index.php\/tietosuojaseloste\/#breadcrumb"},"inLanguage":"fi","potentialAction":[{"@type":"ReadAction","target":["https:\/\/sahkolla.net\/index.php\/tietosuojaseloste\/"]}]},{"@type":"ImageObject","inLanguage":"fi","@id":"https:\/\/sahkolla.net\/index.php\/tietosuojaseloste\/#primaryimage","url":"https:\/\/sahkolla.net\/wp-content\/uploads\/2025\/04\/favicon.png","contentUrl":"https:\/\/sahkolla.net\/wp-content\/uploads\/2025\/04\/favicon.png","width":512,"height":512},{"@type":"BreadcrumbList","@id":"https:\/\/sahkolla.net\/index.php\/tietosuojaseloste\/#breadcrumb","itemListElement":[{"@type":"ListItem","position":1,"name":"Etusivu","item":"https:\/\/sahkolla.net\/"},{"@type":"ListItem","position":2,"name":"Tietosuoja- ja rekisteriseloste"}]},{"@type":"WebSite","@id":"https:\/\/sahkolla.net\/#website","url":"https:\/\/sahkolla.net\/","name":"S\u00e4hk\u00f6ll\u00e4 Oy","description":"S\u00e4hk\u00f6asennuspalvelut P\u00e4ij\u00e4t-H\u00e4meen alueella","publisher":{"@id":"https:\/\/sahkolla.net\/#organization"},"potentialAction":[{"@type":"SearchAction","target":{"@type":"EntryPoint","urlTemplate":"https:\/\/sahkolla.net\/?s={search_term_string}"},"query-input":{"@type":"PropertyValueSpecification","valueRequired":true,"valueName":"search_term_string"}}],"inLanguage":"fi"},{"@type":"Organization","@id":"https:\/\/sahkolla.net\/#organization","name":"S\u00e4hk\u00f6ll\u00e4 Oy","url":"https:\/\/sahkolla.net\/","logo":{"@type":"ImageObject","inLanguage":"fi","@id":"https:\/\/sahkolla.net\/#\/schema\/logo\/image\/","url":"https:\/\/sahkolla.net\/wp-content\/uploads\/2025\/04\/logo-1.png","contentUrl":"https:\/\/sahkolla.net\/wp-content\/uploads\/2025\/04\/logo-1.png","width":200,"height":45,"caption":"S\u00e4hk\u00f6ll\u00e4 Oy"},"image":{"@id":"https:\/\/sahkolla.net\/#\/schema\/logo\/image\/"},"sameAs":["https:\/\/www.facebook.com\/profile.php?id=61573038363472"]}]}},"_links":{"self":[{"href":"https:\/\/sahkolla.net\/index.php\/wp-json\/wp\/v2\/pages\/3","targetHints":{"allow":["GET"]}}],"collection":[{"href":"https:\/\/sahkolla.net\/index.php\/wp-json\/wp\/v2\/pages"}],"about":[{"href":"https:\/\/sahkolla.net\/index.php\/wp-json\/wp\/v2\/types\/page"}],"author":[{"embeddable":true,"href":"https:\/\/sahkolla.net\/index.php\/wp-json\/wp\/v2\/users\/1"}],"replies":[{"embeddable":true,"href":"https:\/\/sahkolla.net\/index.php\/wp-json\/wp\/v2\/comments?post=3"}],"version-history":[{"count":2,"href":"https:\/\/sahkolla.net\/index.php\/wp-json\/wp\/v2\/pages\/3\/revisions"}],"predecessor-version":[{"id":1507,"href":"https:\/\/sahkolla.net\/index.php\/wp-json\/wp\/v2\/pages\/3\/revisions\/1507"}],"wp:featuredmedia":[{"embeddable":true,"href":"https:\/\/sahkolla.net\/index.php\/wp-json\/wp\/v2\/media\/1469"}],"wp:attachment":[{"href":"https:\/\/sahkolla.net\/index.php\/wp-json\/wp\/v2\/media?parent=3"}],"curies":[{"name":"wp","href":"https:\/\/api.w.org\/{rel}","templated":true}]}}